 29, 421
What are the prime factors of 282?
2, 3, 47
What are the prime factors of 22?
2, 11
List the prime factors of 62649.
3, 6961
What are the prime factors of 17326?
2, 8663
What are the prime factors of 394?
2, 197
List the prime factors of 1035.
3, 5, 23
What are the prime factors of 17149?
11, 1559
What are the prime factors of 12081?
3, 4027
List the prime factors of 12555.
3, 5, 31
List the prime factors of 824.
2, 103
List the prime factors of 5653.
5653
What are the prime factors of 67724?
2, 16931
List the prime factors of 18691.
18691
What are the prime factors of 3994?
2, 1997
What are the prime factors of 90325?
5, 3613
List the prime factors of 697.
17, 41
What are the prime factors of 190?
2, 5, 19
List the prime factors of 3852.
2, 3, 107
What are the prime factors of 91810?
2, 5, 9181
List the prime factors of 34.
2, 17
List the prime factors of 10794.
2, 3, 7, 257
List the prime factors of 3516.
2, 3, 293
List the prime factors of 5380.
2, 5, 269
What are the prime factors of 2778?
2, 3, 463
List the prime factors of 28735.
5, 7, 821
What are the prime factors of 1179?
3, 131
What are the prime factors of 1296?
2, 3
List the prime factors of 534.
2, 3, 89
What are the prime factors of 2191?
7, 313
List the prime factors of 7398.
2, 3, 137
What are the prime factors of 8397?
3, 311
List the prime factors of 35134.
2, 11, 1597
List the prime factors of 108915.
3, 5, 53, 137
List the prime factors of 22295.
5, 7, 13
List the prime factors of 1107.
3, 41
What are the prime factors of 621?
3, 23
What are the prime factors of 1225?
5, 7
What are the prime factors of 10953?
3, 1217
What are the prime factors of 9965?
5, 1993
What are the prime factors of 55652?
2, 13913
What are the prime factors of 13623?
3, 19, 239
What are the prime factors of 7669?
7669
List the prime factors of 128010.
2, 3, 5, 17, 251
What are the prime factors of 9230?
2, 5, 13, 71
What are the prime factors of 84798?
2, 3, 7, 673
What are the prime factors of 13746?
2, 3, 29, 79
What are the prime factors of 11830?
2, 5, 7, 13
What are the prime factors of 2180?
2, 5, 109
What are the prime factors of 16096?
2, 503
List the prime factors of 6191.
41, 151
List the prime factors of 85038.
2, 3, 14173
List the prime factors of 8481.
3, 11, 257
What are the prime factors of 2909?
2909
List the prime factors of 534.
2, 3, 89
What are the prime factors of 21746?
2, 83, 131
List the prime factors of 21595.
5, 7, 617
What are the prime factors of 3728?
2, 233
What are the prime factors of 7342?
2, 3671
List the prime factors of 14037.
3, 4679
What are the prime factors of 4760?
2, 5, 7, 17
List the prime factors of 4934.
2, 2467
What are the prime factors of 15801?
3, 23, 229
What are the prime factors of 204?
2, 3, 17
What are the prime factors of 113843?
113843
What are the prime factors of 697?
17, 41
What are the prime factors of 6924?
2, 3, 577
What are the prime factors of 11773?
61, 193
What are the prime factors of 12498?
2, 3, 2083
What are the prime factors of 8458?
2, 4229
List the prime factors of 3939.
3, 13, 101
List the prime factors of 476.
2, 7, 17
What are the prime factors of 57530?
2, 5, 11, 523
What are the prime factors of 4780?
2, 5, 239
List the prime factors of 435.
3, 5, 29
List the prime factors of 34501.
34501
List the prime factors of 14478.
2, 3, 19, 127
What are the prime factors of 1833?
3, 13, 47
List the prime factors of 29272.
2, 3659
List the prime factors of 8668.
2, 11, 197
What are the prime factors of 8663?
8663
What are the prime factors of 30026?
2, 15013
What are the prime factors of 6689?
6689
List the prime factors of 589.
19, 31
List the prime factors of 40368.
2, 3, 29
What are the prime factors of 85732?
2, 21433
List the prime factors of 18831.
3, 6277
List the prime factors of 1770.
2, 3, 5, 59
List the prime factors of 1365.
3, 5, 7, 13
What are the prime factors of 4606?
2, 7, 47
What are the prime factors of 24889?
24889
List the prime factors of 871.
13, 67
List the prime factors of 8781.
3, 2927
What are the prime factors of 2382?
2, 3, 397
What are the prime factors of 2356?
2, 19, 31
What are the prime factors of 3549?
3, 7, 13
What are the prime factors of 1036?
2, 7, 37
What are the prime factors of 3506?
2, 1753
List the prime factors of 16103.
16103
List the prime factors of 15509.
13, 1193
What are the prime factors of 672?
2, 3, 7
List the prime factors of 20318.
2, 10159
List the prime factors of 2206.
2, 1103
List the prime factors of 5894.
2, 7, 421
List the prime factors of 2896.
2, 181
List the prime factors of 17626.
2, 7, 1259
List the prime factors of 50016.
2, 3, 521
What are the prime factors of 7268?
2, 23, 79
What are the prime factors of 6202?
2, 7, 443
List the prime factors of 160.
2, 5
List the prime factors of 7544.
2, 23, 41
List the prime factors of 83.
83
List the prime factors of 2116.
2, 23
What are the prime factors of 2085?
3, 5, 139
What are the prime factors of 38?
2, 19
What are the prime factors of 3241?
7, 463
List the prime factors of 14175.
3, 5, 7
List the prime factors of 30471.
3, 7, 1451
What are the prime factors of 182070?
2, 3, 5, 7, 17
List the prime factors of 14502.
2, 3, 2417
What are the prime factors of 39738?
2, 3, 37, 179
List the prime factors of 1722.
2, 3, 7, 41
What are the prime factors of 152?
2, 19
List the prime factors of 34935.
3, 5, 17, 137
What are the prime factors of 6984?
2, 3, 97
What are the prime factors of 10724?
2, 7, 383
List the prime factors of 179679.
3, 101, 593
What are the prime factors of 7515?
3, 5, 167
What are the prime factors of 1290?
2, 3, 5, 43
List the prime factors of 216.
2, 3
List the prime factors of 9470.
2, 5, 947
List the prime factors of 17946.
2, 3, 997
What are the prime factors of 5624?
2, 19, 37
What are the prime factors of 163659?
3, 17, 3209
What are the prime factors of 149169?
3, 19, 2617
List the prime factors of 143369.
307, 467
List the prime factors of 81584.
2, 5099
What are the prime factors of 23499?
3, 7, 373
What are the prime factors of 1253?
7, 179
What are the prime factors of 29581?
29581
What are the prime factors of 106689?
3, 11, 53, 61
What are the prime factors of 9047?
83, 109
What are the prime factors of 393?
3, 131
List the prime factors of 71422.
2, 13, 41, 67
What are the prime factors of 87098?
2, 11, 37, 107
What are the prime factors of 2610?
2, 3, 5, 29
What are the prime factors of 2626?
2, 13, 101
What are the prime factors of 33127?
157, 211
What are the prime factors of 1234?
2, 617
What are the prime factors of 3726?
2, 3, 23
List the prime factors of 62306.
2, 31153
List the prime factors of 7756.
2, 7, 277
List the prime factors of 5191.
29, 179
What are the prime factors of 9502?
2, 4751
List the prime factors of 3216.
2, 3, 67
What are the prime factors of 11344?
2, 709
What are the prime factors of 1059?
3, 353
What are the prime factors of 9220?
2, 5, 461
What are the prime factors of 5377?
19, 283
List the prime factors of 30282.
2, 3, 7, 103
What are the prime factors of 2474?
2, 1237
What are the prime factors of 1039?
1039
List the prime factors of 127904.
2, 7, 571
List the prime factors of 63140.
2, 5, 7, 11, 41
What are the prime factors of 1719?
3, 191
What are the prime factors of 2993?
41, 73
List the prime factors of 43475.
5, 37, 47
What are the prime factors of 21769?
11, 1979
List the prime factors of 382.
2, 191
List the prime factors of 1895.
5, 379
List the prime factors of 414.
2, 3, 23
List the prime factors of 27702.
2, 3, 19
List the prime factors of 16580.
2, 5, 829
List the prime factors of 21261.
3, 19, 373
List the prime factors of 1523.
1523
What are the prime factors of 11699?
11699
List the prime factors of 1547.
7, 13, 17
What are the prime factors of 2965?
5, 593
What are the prime factors of 67138?
2, 33569
What are the prime factors of 64839?
3, 21613
What are the prime factors of 11162?
2, 5581
List the prime factors of 3480.
2, 3, 5, 29
What are the prime factors of 72631?
13, 37, 151
What are the prime factors of 3323?
3323
What are the prime factors of 602?
2, 7, 43
List the prime factors of 24740.
2, 5, 1237
What are the prime factors of 1640?
2, 5, 41
List the prime factors of 3566.
2, 1783
List the prime factors of 1003.
1